ed by 117?
2
What is the remainder when 149 is divided by 47?
8
Calculate the remainder when 89 is divided by 2.
1
What is the remainder when 725 is divided by 119?
11
Calculate the remainder when 236 is divided by 50.
36
What is the remainder when 12148 is divided by 54?
52
What is the remainder when 6830 is divided by 134?
130
Calculate the remainder when 54 is divided by 12.
6
What is the remainder when 387 is divided by 366?
21
Calculate the remainder when 339 is divided by 11.
9
What is the remainder when 15 is divided by 5?
0
Calculate the remainder when 1656 is divided by 543.
27
What is the remainder when 329 is divided by 120?
89
What is the remainder when 464 is divided by 32?
16
Calculate the remainder when 475 is divided by 15.
10
Calculate the remainder when 2525 is divided by 32.
29
What is the remainder when 256 is divided by 76?
28
What is the remainder when 82 is divided by 42?
40
Calculate the remainder when 50771 is divided by 12.
11
Calculate the remainder when 6340 is divided by 30.
10
What is the remainder when 231 is divided by 24?
15
Calculate the remainder when 164 is divided by 27.
2
Calculate the remainder when 4373 is divided by 7.
5
Calculate the remainder when 370 is divided by 46.
2
What is the remainder when 492 is divided by 62?
58
Calculate the remainder when 2570 is divided by 258.
248
What is the remainder when 26772 is divided by 153?
150
What is the remainder when 100 is divided by 36?
28
Calculate the remainder when 3076 is divided by 1534.
8
Calculate the remainder when 328 is divided by 14.
6
What is the remainder when 488 is divided by 98?
96
Calculate the remainder when 99 is divided by 10.
9
Calculate the remainder when 146702 is divided by 53.
51
What is the remainder when 5185 is divided by 1720?
25
What is the remainder when 103 is divided by 27?
22
What is the remainder when 416 is divided by 404?
12
What is the remainder when 3132 is divided by 14?
10
What is the remainder when 21 is divided by 12?
9
What is the remainder when 490 is divided by 41?
39
Calculate the remainder when 491 is divided by 17.
15
What is the remainder when 553 is divided by 46?
1
What is the remainder when 18336 is divided by 6107?
15
What is the remainder when 728 is divided by 20?
8
Calculate the remainder when 284 is divided by 39.
11
What is the remainder when 357 is divided by 18?
15
What is the remainder when 537 is divided by 132?
9
What is the remainder when 122 is divided by 9?
5
Calculate the remainder when 668 is divided by 68.
56
Calculate the remainder when 312 is divided by 99.
15
What is the remainder when 68 is divided by 4?
0
Calculate the remainder when 24 is divided by 19.
5
What is the remainder when 194 is divided by 8?
2
Calculate the remainder when 373 is divided by 75.
73
What is the remainder when 1027 is divided by 508?
11
What is the remainder when 40 is divided by 2?
0
What is the remainder when 736 is divided by 9?
7
Calculate the remainder when 92 is divided by 31.
30
What is the remainder when 591 is divided by 66?
63
Calculate the remainder when 284 is divided by 48.
44
Calculate the remainder when 126 is divided by 57.
12
What is the remainder when 788 is divided by 18?
14
What is the remainder when 477 is divided by 460?
17
What is the remainder when 2410 is divided by 12?
10
Calculate the remainder when 150 is divided by 13.
7
What is the remainder when 374 is divided by 96?
86
What is the remainder when 8813 is divided by 41?
39
Calculate the remainder when 87 is divided by 21.
3
Calculate the remainder when 177 is divided by 71.
35
What is the remainder when 91 is divided by 24?
19
Calculate the remainder when 65 is divided by 46.
19
Calculate the remainder when 74 is divided by 13.
9
What is the remainder when 1284 is divided by 29?
8
What is the remainder when 551 is divided by 135?
11
What is the remainder when 10 is divided by 4?
2
Calculate the remainder when 115 is divided by 27.
7
What is the remainder when 46 is divided by 31?
15
Calculate the remainder when 85 is divided by 35.
15
What is the remainder when 12177 is divided by 21?
18
Calculate the remainder when 474 is divided by 68.
66
What is the remainder when 363 is divided by 320?
43
What is the remainder when 299 is divided by 76?
71
What is the remainder when 3 is divided by 2?
1
What is the remainder when 382 is divided by 55?
52
What is the remainder when 925 is divided by 9?
7
What is the remainder when 387 is divided by 247?
140
Calculate the remainder when 679 is divided by 244.
191
What is the remainder when 4671 is divided by 13?
4
What is the remainder when 384 is divided by 69?
39
Calculate the remainder when 111 is divided by 26.
7
What is the remainder when 4441 is divided by 51?
4
What is the remainder when 3186 is divided by 29?
25
Calculate the remainder when 1510 is divided by 6.
4
Calculate the remainder when 107 is divided by 16.
11
Calculate the remainder when 5308 is divided by 2642.
24
Calculate the remainder when 27 is divided by 18.
9
Calculate the remainder when 1712 is divided by 22.
18
What is the remainder when 371 is divided by 73?
6
Calculate the remainder when 271 is divided by 11.
7
Calculate the remainder when 297 is divided by 96.
9
What is the remainder when 577 is divided by 3?
1
What is the remainder when 114 is divided by 58?
56
What is the remainder when 258 is divided by 232?
26
Calculate the remainder when 50 is divided by 10.
0
Calculate the remainder when 495 is divided by 127.
114
Calculate the remainder when 1100 is divided by 38.
36
Calculate the remainder when 396 is divided by 54.
18
What is the remainder when 206 is divided by 17?
2
What is the remainder when 209 is divided by 103?
3
Calculate the remainder when 355 is divided by 28.
19
Calculate the remainder when 97 is divided by 49.
48
Calculate the remainder when 4479 is divided by 27.
24
What is the remainder when 8 is divided by 6?
2
Calculate the remainder when 454 is divided by 19.
17
What is the remainder when 118 is divided by 48?
22
What is the remainder when 814 is divided by 207?
193
Calculate the remainder when 1068 is divided by 109.
87
What is the remainder when 5254 is divided by 24?
22
What is the remainder when 73 is divided by 28?
17
Calculate the remainder when 230 is divided by 33.
32
What is the remainder when 564 is divided by 82?
72
Calculate the remainder when 590 is divided by 3.
2
What is the remainder when 31325 is divided by 69?
68
Calculate the remainder when 221 is divided by 67.
20
What is the remainder when 125 is divided by 33?
26
What is the remainder when 299 is divided by 12?
11
Calculate the remainder when 469 is divided by 108.
37
What is the remainder when 81 is divided by 5?
1
What is the remainder when 19 is divided by 12?
7
Calculate the remainder when 18 is divided by 14.
4
Calculate the remainder when 344 is divided by 11.
3
What is the remainder when 181 is divided by 62?
57
What is the remainder when 329 is divided by 22?
21
Calculate the remainder when 73 is divided by 40.
33
Calculate the remainder when 3495 is divided by 4.
3
What is the remainder when 1795 is divided by 31?
28
Calculate the remainder when 219 is divided by 111.
108
What is the remainder when 27 is divided by 9?
0
Calculate the remainder when 1841 is divided by 98.
77
Calculate the remainder when 803 is divided by 400.
3
Calculate the remainder when 528 is divided by 19.
15
What is the remainder when 1391 is divided by 48?
47
Calculate the remainder when 403 is divided by 5.
3
Calculate the remainder when 2738 is divided by 679.
22
Calculate the remainder when 1298 is divided by 20.
18
What is the remainder when 138 is divided by 73?
65
Calculate the remainder when 244 is divided by 18.
10
What is the remainder when 22 is divided by 5?
2
Calculate the remainder when 284 is divided by 72.
68
What is the remainder when 394 is divided by 40?
34
What is the remainder when 222 is divided by 130?
92
What is the remainder when 37 is divided by 3?
1
Calculate the remainder when 6163 is divided by 25.
13
What is the remainder when 48 is divided by 17?
14
What is the remainder when 7 is divided by 7?
0
Calculate the remainder when 1223 is divided by 390.
53
What is the remainder when 302 is divided by 24?
14
Ca